ulate the highest common factor of v and r.
11
Let k = -4 + 6. Let v be ((-1)/k)/(-1)*28. Let q(a) = a**2 + 3*a + 4. Let p be q(9). What is the greatest common factor of v and p?
14
Let z be (3/(-6))/((-6)/12) - -4. Suppose z*d - 110 = -5*d. Calculate the greatest common factor of 11 and d.
11
Let l be (-56)/36*-49 + (-2)/9. Calculate the greatest common divisor of l and 532.
76
Suppose 10*u - 160 = 5*u. Suppose -4*y - 4*y + u = 0. Calculate the highest common divisor of 20 and y.
4
Let n(w) = -3*w**3 - 3*w**2 - 4*w - 6. Let x be n(-4). Let f = -98 + x. What is the highest common divisor of 14 and f?
14
Let a = 1 - -2. Suppose 0 = -4*u + a*u + 5. Let m(b) = b**2 - b + 1. Let j be m(u). Calculate the highest common divisor of j and 3.
3
Let q be (24/(-14))/((-3)/21). Suppose 0 = 3*a - q - 27. Let c(r) = 65*r**2 + 2*r + 2. Let n be c(-1). What is the highest common divisor of n and a?
13
Let q(v) = 9*v**3 + 2*v**2 + 2*v + 1. Let g be q(-1). Let f = 35 + -25. Let y be (g/f)/((-4)/50). What is the greatest common factor of 110 and y?
10
Let m be -5 + 5 + (-10)/(-4)*10. Suppose m - 7 = 2*i. Suppose 4*h - d - 99 - 190 = 0, 74 = h - 2*d. What is the greatest common factor of i and h?
9
Let o(j) = -j + 8. Let v be o(4). Suppose -v*c + 6*c = 20. What is the greatest common factor of 2 and c?
2
Let b(m) = 47*m**2 + 1. Let k be b(-1). Let s be ((-352)/(23 - 1))/(4/(-18)). Calculate the highest common divisor of k and s.
24
Suppose -4*a - 3*t = -1152, -t + 4*t - 288 = -a. Let w = 6509 - 6473. What is the highest common factor of a and w?
36
Let x be (12/(-8))/((-9)/30) - 3. Suppose -2 = x*i - 5*o + 6, 3*o = -2*i + 24. What is the greatest common factor of 18 and i?
6
Let d = -9 + 126. Suppose -24 = -4*b + 28. Calculate the greatest common factor of d and b.
13
Let n be 2*3/(-12)*14. Let x = -1 - n. Let a be 8/x*72/1. What is the greatest common factor of 24 and a?
24
Let y(v) be the third derivative of v**6/120 - 13*v**5/30 - 17*v**4/24 - 2*v**3/3 - v**2 - 2. Let c be y(27). Calculate the greatest common factor of c and 38.
38
Suppose m = 3*l + 4*m - 948, 3*l - 2*m = 968. Suppose 0 = 5*v + 5*y + 84 - 439, l = 4*v - 5*y. What is the greatest common factor of v and 50?
25
Suppose -3*f - 8 = -7*f. Suppose -h = -f*h + 448. Suppose 0 = -4*g + h - 32. What is the highest common factor of 13 and g?
13
Suppose -240 = -i - 4*i. Suppose 0*m + i = 2*m. Suppose -2*x + 32 = -5*h, -2*h = -3*x - 0*x + 26. What is the greatest common divisor of m and x?
6
Let c be (-5 - 0)/(-1 - (-22)/23). Suppose 101 + c = 2*a. What is the highest common factor of 36 and a?
36
Suppose 6*f - 9*f + 87 = 0. Let w(t) = -t**3 + 5*t**2 + 6*t - 1. Let a be w(5). Suppose x = 2*x - a. What is the greatest common divisor of f and x?
29
Let w(u) = -7*u - 7. Let h be w(-6). Calculate the highest common divisor of 63 and h.
7
Suppose -8*t = -14*t + 72. Let o be 4 - (-4 + t/4). Suppose -o + 55 = 5*a. Calculate the greatest common factor of a and 90.
10
Let w be 4/2*(-48)/15*-5. Let d(z) = -z**3 - 8*z**2 - 11*z - 4. Let i be d(-7). Let j = w - i. Calculate the highest common divisor of 64 and j.
8
Suppose -4*j + 5*b + 41 = 0, -5*j + 0*j = -2*b - 64. Suppose 2*v + j = -3*p, v = -4*p - 25 - 2. Let h = 18 + p. What is the greatest common divisor of 70 and h?
10
Suppose 6*v - 4*v + 4 = -5*n, -12 = -4*v. Let c be (-32)/12*(n - 1). What is the highest common divisor of c and 64?
8
Let k be 14/4*(-1)/(7/(-36)). Suppose 0 = -d + 2*j + k + 1, -5*d - 5*j + 50 = 0. What is the greatest common divisor of d and 1?
1
Let c = -12 - -48. Suppose 0*n - n - 3*a + 9 = 0, -4*a = -2*n - 2. Suppose -216 - c = -n*i. Calculate the highest common factor of 12 and i.
12
Let l be 192/88 - 4/22. Suppose -h + 50 = -l*h. Let u be 178/5 + (-20)/h. Calculate the greatest common factor of u and 24.
12
Suppose -397 - 243 = -4*j. Let b = j + -8. Calculate the highest common factor of b and 19.
19
Let m be ((-34)/(-2) - 2)*(-18)/(-5). What is the greatest common divisor of m and 1242?
54
Suppose 2*s - 236 = -44. Suppose 0 = -12*w + s + 288. Calculate the highest common factor of 288 and w.
32
Suppose -24 = -z - 5*m, 4*z + 5*m = 2*z + 28. Suppose 5*l = -z*q - 137, -120 = 3*q + l - 20. Let s = -22 - q. Calculate the greatest common divisor of s and 11.
11
Let g be 12/(-78) + 340/13. What is the greatest common factor of 702 and g?
26
Suppose 496 = -17*m + 1941. Suppose 3*c - 12 = 3. Calculate the highest common divisor of m and c.
5
Let l = 57 - 34. Let k = -22 + l. What is the greatest common factor of 10 and k?
1
Let s(d) = 9*d + 119. Let u be s(-11). What is the highest common divisor of 60 and u?
20
Let v = 62 - 50. Let k(w) = w**2 - 4*w + 3. Suppose r - 10 = -r. Let y be k(r). What is the greatest common divisor of y and v?
4
Let z = 103 + -52. Calculate the greatest common factor of 340 and z.
17
Let x(b) = -108*b - 1. Let f be x(1). Let h = -97 - f. What is the highest common factor of 204 and h?
12
Let d be ((-2)/4)/(399/66 - 6). Let r = 28 + d. Calculate the greatest common factor of 85 and r.
17
Suppose -13*p - 437 = -14*p. What is the highest common factor of p and 19?
19
Let j be 0 - (-1)/((-1)/(-16)). Let d(f) = f**2 - 20*f + 19. Let n be d(19). Suppose n*s + 2*s = j. Calculate the highest common divisor of 8 and s.
8
Let v(u) = -13*u + 419. Let z be v(31). Let f(o) = -2*o - 4 + 5*o**2 - 5*o**3 - o + 6*o**3. Let m be f(-4). Calculate the highest common divisor of z and m.
8
Let k be ((-4)/(-6))/(26/39). Suppose -2*p = 6, p - k = -d - 3. Calculate the highest common factor of d and 8.
1
Suppose -1844 = -3*w - 272. Suppose -3*d + w = l, 0*l - 2*l - 8 = 0. Let z = -33 - -49. Calculate the greatest common divisor of d and z.
16
Let s = 249 - 234. What is the highest common divisor of 615 and s?
15
Let s be (-2 + -6)/((-7)/(-2) + -4). Suppose s*p + 980 = 23*p. What is the highest common divisor of 20 and p?
20
Let p(u) = -6 + 19 + 2*u - u + 0. Let i(h) = h + 27. Let s(a) = -2*i(a) + 5*p(a). Let m be s(0). What is the highest common divisor of m and 33?
11
Suppose 3*n - 460 = -130. Let x = -9 + 19. Calculate the greatest common divisor of x and n.
10
Let q = 1 - 7. Let z be (-120)/q + 0/1. Suppose -5*g - 1120 = -12*g. Calculate the greatest common factor of g and z.
20
Let y be 6/((-16371)/2737 + 6). Let p(j) = -2*j**3 - 3*j**2 + 4*j - 1. Let d be p(-3). Calculate the highest common divisor of y and d.
14
Let m be 31 - -16*1/(-4). Calculate the greatest common divisor of m and 1728.
27
Let t(b) = -3*b**2 + 41*b - 10. Let s be t(13). What is the greatest common divisor of s and 144?
16
Let c(v) = v**2 - 4*v - 4. Let n(a) = 2*a**2 - 8*a - 9. Let d(o) = 5*c(o) - 2*n(o). Let z be d(-4). What is the highest common divisor of z and 18?
6
Let q = 101 + 19. Suppose v = -v + q. Let o be (96/v)/((-1)/(-55)). Calculate the greatest common factor of o and 11.
11
Let r be 2 + (-47)/(-1) + 1. Let q = -9 - -19. Suppose -c = -2*c + q. What is the greatest common divisor of c and r?
10
Let l(t) = t + 10. Let j be l(-7). Let v(r) = 2*r**3 - r**2 - r + 2. Let f be v(j). Let q be 1*-2*(-11)/2. What is the highest common divisor of f and q?
11
Let j(k) = 2*k + 2 - 26 - 2*k + 16*k. Let q be j(7). Calculate the greatest common divisor of q and 220.
44
Let s be (-1)/(-1)*17/((-102)/(-72)). What is the highest common divisor of s and 564?
12
Let l(s) = 9*s**2 + 61*s + 4. Let z be l(-8). Let x be ((-10)/15)/(4/(-138)). What is the highest common divisor of z and x?
23
Let c = 689 + -662. Calculate the greatest common divisor of 36 and c.
9
Suppose 71*w = 63*w + 224. Suppose 12*b - 112 + w = 0. Calculate the highest common divisor of b and 28.
7
Let s(q) = -q**2 + 125 + q + 5 + 18 - 4. Suppose 3*u - 4*u = -3*o, 2*o = -4*u. Let d be s(u). What is the greatest common divisor of d and 18?
18
Suppose -5*i - 590 = -4390. Let u be 1/8 - i/(-64). What is the greatest common divisor of u and 20?
4
Let q be ((-168)/224)/(3 - 266/88). Suppose -5*v - 194 = -t + 179, 2*t - 3*v - 732 = 0. Calculate the highest common divisor of q and t.
33
Suppose 2*a - 9 = 15. Calculate the highest common factor of 33 and a.
3
Let q(v) = -6*v. Let r be q(-2). Suppose -2*y + y + r = 0. Let m be 1450/60 - 1/6. Calculate the highest common factor of m and y.
12
Let o = -1 - -41. Suppo